test common factor of 62 and w?
31
Let b be (-17 + 42/(-7) + 3)*-107. What is the greatest common divisor of b and 20?
20
Let x = 580 - 550. What is the highest common factor of x and 270?
30
Let b(g) = 2*g**2 + 48*g + 96. Let m be b(-2). Calculate the highest common divisor of 68 and m.
4
Let z(k) = k**3 + 14*k**2 - 30*k + 36. Let j be z(-15). What is the highest common divisor of 18 and j?
9
Let n = 17 + -17. Suppose n = 3*f + 3*z - 597, -5*f + 993 = 2*z + 2*z. Let w = f + -71. Calculate the highest common divisor of 14 and w.
14
Let t = 265 + -241. Calculate the greatest common factor of 3 and t.
3
Let z(u) = -u**2 + 11*u. Let j be z(6). Calculate the greatest common factor of 80 and j.
10
Let g = 185 + -160. Calculate the highest common divisor of 50 and g.
25
Let m = -2974 + 2986. What is the greatest common factor of 128 and m?
4
Suppose 91*a - 512 = 59*a. Calculate the highest common factor of 2096 and a.
16
Suppose 3*g = -5*u + 883, -8*u = -3*g - 4*u + 919. What is the highest common divisor of 86 and g?
43
Let a(x) = 5*x + 5. Let u be a(-2). Let s = u + 8. What is the highest common factor of 12 and s?
3
Let d = -297 + 430. What is the greatest common factor of d and 38?
19
Let v = 3 + 82. Suppose -3*y - 9 + 36 = 5*u, y - 5*u = -11. Suppose -51 = -y*t + t. Calculate the highest common divisor of t and v.
17
Let w = 11 + -3. Suppose -w*y - 418 = -10*y. Calculate the highest common divisor of 19 and y.
19
Let b(c) = 11*c**2 - 5*c + 4. Let d be b(2). What is the greatest common factor of 171 and d?
19
Suppose 212 - 113 = 11*s. What is the highest common divisor of s and 243?
9
Suppose 0 = -4*s - 2*k + 42 - 4, -k = 5. Let y(r) = r**2 - 15*r + 28. Let u be y(13). Let v be u + 6/(-2) + 5. Calculate the highest common divisor of v and s.
4
Let p = 464 - 49. What is the greatest common factor of 83 and p?
83
Let p be ((-68)/(-3))/((-2)/(-9)). Suppose 3*n = -n - h + 140, 2*n = -2*h + 76. What is the highest common factor of n and p?
34
Let v(h) = 70*h - 17. Let w be v(7). Let z be (86/(-3))/(8/(-12)). What is the greatest common divisor of z and w?
43
Let s = -94 + 181. What is the greatest common divisor of 116 and s?
29
Suppose 3200 = -24*x + 64*x. Calculate the highest common divisor of 360 and x.
40
Let q be (50/(-3))/(50/(-75)). Calculate the highest common divisor of q and 125.
25
Let b(m) = -m**3 + 8*m**2 + 9*m - 5. Let n be b(9). Let z(i) = 3*i - 5. Let s be z(n). Let v = 3 - s. Calculate the greatest common factor of 69 and v.
23
Let t be 4/6 - 40/6. Let k(o) = -o**2 - 9*o - 11. Let m be k(t). What is the highest common divisor of 70 and m?
7
Let l be 2/1 - (-54)/1. Let q(y) = 65*y + 3. Let i be q(-1). Let w = i - -90. What is the highest common factor of l and w?
28
Suppose -2*n + 2*l = -24, 0*n = n - 5*l - 12. Let v(h) = 2*h - 9. Let q be v(6). Suppose -q*k + n = -12. Calculate the highest common factor of k and 8.
8
Let u(b) = -b**2 + 37*b - 38. Let h be u(15). Calculate the greatest common factor of h and 4.
4
Let g = -2564 + 2612. What is the greatest common divisor of 276 and g?
12
Let q = -269 - -384. Calculate the highest common divisor of q and 92.
23
Let y be -6 + 0 + 27/9. Let i be 50/(4/(7 + y)). Let m be (1 - -19) + -1 - -1. Calculate the highest common divisor of i and m.
10
Let r = 531 + -523. What is the highest common factor of 204 and r?
4
Let o(z) = -23*z - 85. Let l be o(-5). What is the greatest common divisor of l and 50?
10
Suppose 181 + 155 = 14*z. Suppose -w - w - 3*d = 15, 5*w - 3*d = -27. Let t = z + w. Calculate the highest common divisor of t and 108.
18
Suppose -7*v + 597 = -4*v. Let l = v - 109. Calculate the greatest common factor of l and 18.
18
Suppose -142*b = -139*b - 117. What is the greatest common factor of 897 and b?
39
Suppose 15*a - 198 = 4*a. What is the highest common divisor of a and 279?
9
Let d(y) = 0*y + 12*y - 15*y**2 + 23*y - 34 + y**3 - 13*y. Let h be d(14). Calculate the highest common factor of h and 13.
13
Suppose -3*p - 11 = 4. Let z(a) = -26*a + 5. Let t be z(p). What is the greatest common factor of t and 15?
15
Suppose -2*c + 540 = 3*c. Let d = 310 - 160. Let r be (-182)/(-15) + (-20)/d. Calculate the greatest common factor of c and r.
12
Suppose -i = -3*b - 7, -3*i + 3 = 4*b - 18. Let z = i - -21. Let r be 67 - 4/((-8)/6). What is the highest common factor of z and r?
14
Let z(o) = o**3 - 4*o**2 + 4*o + 5. Let m be z(5). Suppose 3*j - 3*r - 378 = 0, m = -2*j - 2*r + 310. What is the highest common factor of 8 and j?
8
Let b = 796 - 794. Calculate the highest common divisor of b and 94.
2
Let i = -716 + 1875. What is the highest common factor of 61 and i?
61
Let z be -6*((-238)/42 - 1/(-3)). What is the greatest common factor of 256 and z?
32
Let g(r) = 3*r + 19 - 5*r + r + 14. Let n be g(0). Calculate the highest common factor of 3 and n.
3
Suppose 0 = -20*o - 925 + 10865. What is the highest common divisor of 21 and o?
7
Let g = -1473 + 1777. Calculate the greatest common factor of g and 171.
19
Let c = 1206 + -1178. What is the highest common factor of c and 3584?
28
Suppose 3*v + 3*p - 180 = 0, -5*v + 174 + 122 = 3*p. What is the highest common factor of 4 and v?
2
Suppose -5*g + 50 = 5*y, 3*y + 90 = g + 80. Let i(z) = 6*z**2 + 4*z. Let c be i(-4). What is the highest common factor of g and c?
10
Suppose -47 = 2*z - 131. What is the highest common factor of 24 and z?
6
Let r be -3 + 2 + 12/3. Suppose -4*o = -r - 25. Suppose -9 = -h + o. What is the greatest common factor of h and 64?
16
Let p(s) = -18*s + 12. Let w(d) = 9*d - 6. Let j(u) = -4*p(u) - 9*w(u). Let z be j(-6). Calculate the greatest common factor of z and 15.
15
Let w(j) = -j**2 + 40*j - 159. Let k be w(13). What is the greatest common factor of 64 and k?
64
Let d(l) = l + 22. Let o be d(-22). Suppose o = m, -m - 1 - 23 = -3*t. Calculate the highest common divisor of t and 8.
8
Let q = -713 + 735. Calculate the greatest common divisor of 1023 and q.
11
Suppose 25 = 4*h + 9. Suppose 2*l - 3*p - 243 = 0, 3*p - 162 = h*l - 639. What is the highest common divisor of l and 13?
13
Let x = -2098 - -2126. Suppose -77 - 175 = -o. Calculate the greatest common factor of o and x.
28
Let y(k) = k + 4. Let d be y(4). Suppose -d*v = -10*v + 100. Calculate the greatest common factor of v and 125.
25
Let z be 95/4 - 4/(-16). Let r(g) = 2*g**2 - g - 4. Let s be r(2). Let k be (s - 7) + 4 + 37. Calculate the highest common divisor of k and z.
12
Suppose 2*u - 91 + 7 = 2*s, 5*u = -4*s + 228. Let b = u + -29. What is the highest common factor of b and 15?
15
Let k(q) = q**3 - 3*q**2 + 3. Let v be k(3). Let m = v + -2. Let z be 93/6 + m/(-2). Calculate the highest common divisor of 60 and z.
15
Let r = -218 + 139. Let y = 214 + r. Let x = -70 + y. What is the highest common divisor of 13 and x?
13
Suppose -5*r = -2*r - 240. Let t be 0/(-1) + 240/24. What is the highest common factor of t and r?
10
Let f(c) = -c**3 + 3*c**2 + 3*c + 4. Let g(h) = -h**3 - h - 2. Let k be g(0). Let x be f(k). What is the greatest common divisor of x and 12?
6
Let l = 151 - 321. Let v = l - -298. Calculate the highest common factor of 32 and v.
32
Suppose p - 2*p = -3*p. Suppose -5*z - 180 = -4*n, -2*n + 100 = -p*n - 5*z. What is the greatest common divisor of n and 100?
20
Suppose 3*r - 2 = -d + 7*r, -2*d + 4 = -3*r. Suppose 22*u - 36 = -14*u. What is the greatest common divisor of d and u?
1
Let v(w) = -2*w**2 + w + 11. Let n be v(-4). Let z = n - -77. Calculate the greatest common factor of 468 and z.
52
Suppose 4*m - m + 9 = 0, 2*l - 3*m - 13 = 0. Let k be (-2)/4*l - -21. What is the highest common factor of k and 8?
4
Suppose -776 = -8*j - 8. Calculate the greatest common factor of j and 60.
12
Suppose 2*b + 12 = 8*b. Suppose 3*y = b*y + 40. Let h be (-3)/4 + 1110/y. What is the greatest common divisor of 9 and h?
9
Let m be ((-21)/7)/(3/(-84)*3). What is the greatest common factor of 35 and m?
7
Let l be (6 - (-136 - -9))/(1 + 0). Calculate the highest common divisor of l and 19.
19
Let j = -1942 + 2159. Calculate the highest common factor of j and 21.
7
Let s = -162 + 177. Suppose 4*k = -20, -5*y + 9 = -6*y - 4*k. Let x = 14 - y. What is the highest common factor of s and x?
3
Let w be 3/(2/62 - 0). Let i = -60 + 91. What is the highest comm